{"id":19,"date":"2017-10-19T13:26:06","date_gmt":"2017-10-19T13:26:06","guid":{"rendered":"http:\/\/www.autossermec.pt\/oficina\/?page_id=19"},"modified":"2017-12-05T14:36:19","modified_gmt":"2017-12-05T14:36:19","slug":"servicos","status":"publish","type":"page","link":"https:\/\/www.autossermec.pt\/oficina\/servicos\/","title":{"rendered":"Servi\u00e7os"},"content":{"rendered":"<br \/>\n<figure><a href=\"#revisao\"><img decoding=\"async\" src=\"http:\/\/www.autossermec.pt\/oficina\/wp-content\/uploads\/sites\/3\/2017\/11\/Revisao.jpg\" alt=\"Revisao\" title=\"Revisao\"><\/a><\/figure>\n<h6><a href=\"#revisao\">Revis\u00e3o<\/a><\/h6>\n<figure><a href=\"#inspecao\"><img decoding=\"async\" src=\"http:\/\/www.autossermec.pt\/oficina\/wp-content\/uploads\/sites\/3\/2017\/11\/inspeccao.png\" alt=\"inspeccao\" title=\"inspeccao\"><\/a><\/figure>\n<h6><a href=\"#inspecao\">Inspe\u00e7\u00e3o<\/a><\/h6>\n<figure><a href=\"#mudaoleo\"><img decoding=\"async\" src=\"http:\/\/www.autossermec.pt\/oficina\/wp-content\/uploads\/sites\/3\/2017\/12\/mudaoleo.jpg\" alt=\"mudaoleo\" title=\"mudaoleo\"><\/a><\/figure>\n<h6><a href=\"#mudaoleo\">Mudan\u00e7a de \u00d3leo<\/a><\/h6>\n<figure><a href=\"#diagnostico\"><img decoding=\"async\" src=\"http:\/\/www.autossermec.pt\/oficina\/wp-content\/uploads\/sites\/3\/2017\/11\/diagnosticos.jpg\" alt=\"diagnosticos\" title=\"diagnosticos\"><\/a><\/figure>\n<h6><a href=\"#diagnostico\">Diagn\u00f3stico<\/a><\/h6>\n<figure><a href=\"#chapeiro\"><img decoding=\"async\" src=\"http:\/\/www.autossermec.pt\/oficina\/wp-content\/uploads\/sites\/3\/2017\/11\/Chapa.jpg\" alt=\"Chapa\" title=\"Chapa\"><\/a><\/figure>\n<h6><a href=\"#chapeiro\">Bate Chapas<\/a><\/h6>\n<figure><a href=\"#pintura\"><img decoding=\"async\" src=\"http:\/\/www.autossermec.pt\/oficina\/wp-content\/uploads\/sites\/3\/2017\/11\/pintura.jpg\" alt=\"pintura\" title=\"pintura\"><\/a><\/figure>\n<h6><a href=\"#pintura\">Pintura<\/a><\/h6>\n<figure><a href=\"#mudapneus\"><img decoding=\"async\" src=\"http:\/\/www.autossermec.pt\/oficina\/wp-content\/uploads\/sites\/3\/2017\/12\/mudapneus.jpg\" alt=\"mudapneus\" title=\"mudapneus\"><\/a><\/figure>\n<h6><a href=\"#mudapneus\">Mudan\u00e7a de Pneus<\/a><\/h6>\n<figure><a href=\"#alinhadirecao\"><img decoding=\"async\" src=\"http:\/\/www.autossermec.pt\/oficina\/wp-content\/uploads\/sites\/3\/2017\/11\/Alinhamento2.jpg\" alt=\"Alinhamento2\" title=\"Alinhamento2\"><\/a><\/figure>\n<h6><a href=\"#alinhadirecao\">Alinhamento de Dire\u00e7\u00e3o<\/a><\/h6>\n<figure><a href=\"#calibrapneus\"><img decoding=\"async\" src=\"http:\/\/www.autossermec.pt\/oficina\/wp-content\/uploads\/sites\/3\/2017\/12\/calibrapneus.jpg\" alt=\"calibrapneus\" title=\"calibrapneus\"><\/a><\/figure>\n<h6><a href=\"#calibrapneus\">Calibragem de Pneus<\/a><\/h6>\n<figure><a href=\"#travagem\"><img decoding=\"async\" src=\"http:\/\/www.autossermec.pt\/oficina\/wp-content\/uploads\/sites\/3\/2017\/12\/travagem.jpg\" alt=\"travagem\" title=\"travagem\"><\/a><\/figure>\n<h6><a href=\"#travagem\">Sistemas de Travagem<\/a><\/h6>\n<figure><a href=\"#suspensao\"><img decoding=\"async\" src=\"http:\/\/www.autossermec.pt\/oficina\/wp-content\/uploads\/sites\/3\/2017\/12\/suspensao2.jpg\" alt=\"Front axle with suspension and absorber.\" title=\"Drive axle.\"><\/a><\/figure>\n<h6><a href=\"#suspensao\">Sistemas de Suspens\u00e3o<\/a><\/h6>\n<figure><a href=\"#ilumina\"><img decoding=\"async\" src=\"http:\/\/www.autossermec.pt\/oficina\/wp-content\/uploads\/sites\/3\/2017\/12\/eletroauto.jpg\" alt=\"eletroauto\" title=\"eletroauto\"><\/a><\/figure>\n<h6><a href=\"#ilumina\">Ilumina\u00e7\u00e3o<\/a><\/h6>\n<figure><a href=\"#sensores\"><img decoding=\"async\" src=\"http:\/\/www.autossermec.pt\/oficina\/wp-content\/uploads\/sites\/3\/2017\/12\/sensoresEstaciona.jpg\" alt=\"Sensores de Estacionamento\" title=\"Sensores de Estacionamento\"><\/a><\/figure>\n<h6><a href=\"#sensores\">Sensores de estacionamento<\/a><\/h6>\n<figure><a href=\"#pelicula\"><img decoding=\"async\" src=\"http:\/\/www.autossermec.pt\/oficina\/wp-content\/uploads\/sites\/3\/2017\/12\/pelicula_vidro.jpg\" alt=\"Aplica\u00e7\u00e3o de Pel\u00edculas para vidro\" title=\"Aplica\u00e7\u00e3o de Pel\u00edculas para vidro\"><\/a><\/figure>\n<h6><a href=\"#pelicula\">Aplica\u00e7\u00e3o de Pel\u00edculas<\/a><\/h6>\n<figure><a href=\"#vinis\"><img decoding=\"async\" src=\"http:\/\/www.autossermec.pt\/oficina\/wp-content\/uploads\/sites\/3\/2017\/12\/Vinil_carro.jpg\" alt=\"Vinil_carro\" title=\"Vinil_carro\"><\/a><\/figure>\n<h6><a href=\"#vinis\">Aplica\u00e7\u00e3o de Vinis<\/a><\/h6>\n<figure><a href=\"#publicidade\"><img decoding=\"async\" src=\"http:\/\/www.autossermec.pt\/oficina\/wp-content\/uploads\/sites\/3\/2017\/12\/PUBLICIDADE.png\" alt=\"PUBLICIDADE\" title=\"PUBLICIDADE\"><\/a><\/figure>\n<h6><a href=\"#publicidade\">Aplica\u00e7\u00e3o de publicidade<\/a><\/h6>\n<figure><img decoding=\"async\" src=\"http:\/\/www.autossermec.pt\/oficina\/wp-content\/uploads\/sites\/3\/2017\/11\/Revisao.jpg\" alt=\"Revisao\" title=\"Revisao\"><\/figure>\n<h5>REVIS\u00c3O AUTOM\u00d3VEL<\/h5>\n<p>A Revis\u00e3o deve ter sempre em considera\u00e7\u00e3o as caracter\u00edsticas do seu ve\u00edculo (motoriza\u00e7\u00e3o, quil\u00f3metros, tipo de condu\u00e7\u00e3o, etc) e principalmente os prazos e especifica\u00e7\u00f5es do livro de manuten\u00e7\u00e3o oficial do fabricante.<br \/>\n\u00c9 importante fazer a revis\u00e3o do seu autom\u00f3vel, no m\u00ednimo uma vez por ano, para garantir o seu correcto funcionamento e avaliar o desgaste das pe\u00e7as.<br \/>\nS\u00f3 assim poder\u00e1 poupar tempo, dinheiro e, acima de tudo, problemas!<\/p>\n<p>\t\t\t<a href=\"http:\/\/www.autossermec.pt\/oficina\/agendamentos\/\" rel=\"nofollow\"><br \/>\n\t\t\t\t\t\tAgendar<br \/>\n\t\t\t\t\t<\/a><br \/>\n\t\t\t<a href=\"#topo\" rel=\"nofollow\"><br \/>\n\t\t\t\t\t\t\u25b2 Topo<br \/>\n\t\t\t\t\t<\/a><\/p>\n<figure><img decoding=\"async\" src=\"http:\/\/www.autossermec.pt\/oficina\/wp-content\/uploads\/sites\/3\/2017\/11\/inspeccao.png\" alt=\"inspeccao\" title=\"inspeccao\"><\/figure>\n<h5>INSPE\u00c7\u00c3O AUTOM\u00d3VEL<\/h5>\n<p>N\u00e3o fique \u00e0 espera da data limite para levar o seu ve\u00edculo \u00e0 inspe\u00e7\u00e3o peri\u00f3dica obrigat\u00f3ria, uma vez que, pode efectuar a inspe\u00e7\u00e3o autom\u00f3vel nos 3 meses que antecedem a data da matr\u00edcula.<br \/>\n<em>&#8220;As inspec\u00e7\u00f5es s\u00e3o garantia de uma circula\u00e7\u00e3o segura, na medida em que reduzem os ve\u00edculos com defici\u00eancias mec\u00e2nicas, pass\u00edveis de se tornarem um perigo para todos os utentes das estradas&#8221; &#8211;<\/em> <strong style=\"background-color: inherit;\"><em>Paulo Areal, presidente da ANCIA.<\/em><\/strong><\/p>\n<p>\t\t\t<a href=\"http:\/\/www.autossermec.pt\/oficina\/agendamentos\/\" rel=\"nofollow\"><br \/>\n\t\t\t\t\t\tAgendar<br \/>\n\t\t\t\t\t<\/a><br \/>\n\t\t\t<a href=\"#topo\" rel=\"nofollow\"><br \/>\n\t\t\t\t\t\t\u25b2 Topo<br \/>\n\t\t\t\t\t<\/a><\/p>\n<figure><img decoding=\"async\" src=\"http:\/\/www.autossermec.pt\/oficina\/wp-content\/uploads\/sites\/3\/2017\/12\/mudaoleo.jpg\" alt=\"mudaoleo\" title=\"mudaoleo\"><\/figure>\n<h5>MUDAN\u00c7A DE \u00d3LEO<\/h5>\n<p>O motor \u00e9 o cora\u00e7\u00e3o do seu ve\u00edculo e o \u00f3leo \u00e9 parte essencial do seu funcionamento, sendo respons\u00e1vel pela lubrifica\u00e7\u00e3o, protec\u00e7\u00e3o, e arrefecimento dos seus componentes.<\/br><br \/>\nPortanto, a sua mudan\u00e7a \u00e9 fundamental que o motor continue a funcionar corretamente, devendo ser feita de acordo com o intervalo de manuten\u00e7\u00e3o indicado pelo fabricante.<\/p>\n<p>\t\t\t<a href=\"http:\/\/www.autossermec.pt\/oficina\/agendamentos\/\" rel=\"nofollow\"><br \/>\n\t\t\t\t\t\tAgendar<br \/>\n\t\t\t\t\t<\/a><br \/>\n\t\t\t<a href=\"#topo\" rel=\"nofollow\"><br \/>\n\t\t\t\t\t\t\u25b2 Topo<br \/>\n\t\t\t\t\t<\/a><\/p>\n<figure><img decoding=\"async\" src=\"http:\/\/www.autossermec.pt\/oficina\/wp-content\/uploads\/sites\/3\/2017\/11\/diagnosticos.jpg\" alt=\"diagnosticos\" title=\"diagnosticos\"><\/figure>\n<h5>DIAGN\u00d3STICO AUTOM\u00d3VEL<\/h5>\n<p>Dada a crescente evolu\u00e7\u00e3o tecnol\u00f3gica dos autom\u00f3veis, s\u00f3 uma oficina especialista e moderna poder\u00e1 reparar eficazmente o seu ve\u00edculo.<br \/>\nExistem manuten\u00e7\u00f5es que s\u00f3 podem ser executados por oficinas especializadas, com profissionais com a forma\u00e7\u00e3o adequada, e com recurso a equipamento especifico, por isso, \u00e9 importante que escolha bem a oficina para o seu autom\u00f3vel.<\/p>\n<p>\t\t\t<a href=\"http:\/\/www.autossermec.pt\/oficina\/agendamentos\/\" rel=\"nofollow\"><br \/>\n\t\t\t\t\t\tAgendar<br \/>\n\t\t\t\t\t<\/a><br \/>\n\t\t\t<a href=\"#topo\" rel=\"nofollow\"><br \/>\n\t\t\t\t\t\t\u25b2 Topo<br \/>\n\t\t\t\t\t<\/a><\/p>\n<figure><img decoding=\"async\" src=\"http:\/\/www.autossermec.pt\/oficina\/wp-content\/uploads\/sites\/3\/2017\/11\/Chapa.jpg\" alt=\"Chapa\" title=\"Chapa\"><\/figure>\n<h5>BATE CHAPAS<\/h5>\n<p>Equipados com os mais avan\u00e7ados meios de repara\u00e7\u00e3o para carro\u00e7aria autom\u00f3vel e com profissionais de excel\u00eancia temos para lhe oferecer um servi\u00e7o bate chapas onde o importante \u00e9 a perfei\u00e7\u00e3o, mantendo sempre as caracter\u00edsticas originais do seu autom\u00f3vel.<br \/>\nPe\u00e7a-nos um or\u00e7amento&#8230;<\/p>\n<p>\t\t\t<a href=\"http:\/\/www.autossermec.pt\/oficina\/agendamentos\/\" rel=\"nofollow\"><br \/>\n\t\t\t\t\t\tAgendar<br \/>\n\t\t\t\t\t<\/a><br \/>\n\t\t\t<a href=\"#topo\" rel=\"nofollow\"><br \/>\n\t\t\t\t\t\t\u25b2 Topo<br \/>\n\t\t\t\t\t<\/a><\/p>\n<figure><img decoding=\"async\" src=\"http:\/\/www.autossermec.pt\/oficina\/wp-content\/uploads\/sites\/3\/2017\/11\/pintura.jpg\" alt=\"pintura\" title=\"pintura\"><\/figure>\n<h5>PINTURA AUTOM\u00d3VEL<\/h5>\n<p>A nossa sec\u00e7\u00e3o de Pintura autom\u00f3vel, tem ao seu dispor Profissionais Qualificados e equipamentos modernos.<\/br>A nossa cabine de pintura, uma das mais modernas do mercado, juntamente com o sistema inform\u00e1tico de afina\u00e7\u00e3o de cores permite a pintura de autom\u00f3veis com um elevado grau de qualidade. <\/p>\n<p>\t\t\t<a href=\"http:\/\/www.autossermec.pt\/oficina\/agendamentos\/\" rel=\"nofollow\"><br \/>\n\t\t\t\t\t\tAgendar<br \/>\n\t\t\t\t\t<\/a><br \/>\n\t\t\t<a href=\"#topo\" rel=\"nofollow\"><br \/>\n\t\t\t\t\t\t\u25b2 Topo<br \/>\n\t\t\t\t\t<\/a><\/p>\n<figure><img decoding=\"async\" src=\"http:\/\/www.autossermec.pt\/oficina\/wp-content\/uploads\/sites\/3\/2017\/12\/mudapneus.jpg\" alt=\"mudapneus\" title=\"mudapneus\"><\/figure>\n<h5>MUDAN\u00c7A DE PNEUS<\/h5>\n<p>O principal objetivo dos pneus \u00e9 garantir a seguran\u00e7a e estabilidade dos autom\u00f3veis na estrada, nesse sentido \u00e9 fundamental fazer a verifica\u00e7\u00e3o regular dos pneus e proceder \u00e0 sua mudan\u00e7a quando necess\u00e1rio.<br \/>\nDeve mudar os pneus quando estes atingem o m\u00ednimo legal de 1,6 mm.<br \/>\nPe\u00e7a-nos um or\u00e7amento  &#8230; <\/p>\n<p>\t\t\t<a href=\"http:\/\/www.autossermec.pt\/oficina\/agendamentos\/\" rel=\"nofollow\"><br \/>\n\t\t\t\t\t\tAgendar<br \/>\n\t\t\t\t\t<\/a><br \/>\n\t\t\t<a href=\"#topo\" rel=\"nofollow\"><br \/>\n\t\t\t\t\t\t\u25b2 Topo<br \/>\n\t\t\t\t\t<\/a><\/p>\n<figure><img decoding=\"async\" src=\"http:\/\/www.autossermec.pt\/oficina\/wp-content\/uploads\/sites\/3\/2017\/11\/Alinhamento2.jpg\" alt=\"Alinhamento2\" title=\"Alinhamento2\"><\/figure>\n<h5>ALINHAMENTO DE DIRE\u00c7\u00c3O<\/h5>\n<p>Alinhar a direc\u00e7\u00e3o do seu autom\u00f3vel \u00e9 sin\u00f3nimo de maior seguran\u00e7a na estrada e menor desgaste prematuro dos pneus.<br \/>\n\u00c9 aconselh\u00e1vel alinhar ou proceder a uma verifica\u00e7\u00e3o do alinhamento de 20.000 em 20.000kms, ou uma vez por ano.<br \/>\n Agende uma visita \u00e0s nossas instala\u00e7\u00f5es &#8230; <\/p>\n<p>\t\t\t<a href=\"http:\/\/www.autossermec.pt\/oficina\/agendamentos\/\" rel=\"nofollow\"><br \/>\n\t\t\t\t\t\tAgendar<br \/>\n\t\t\t\t\t<\/a><br \/>\n\t\t\t<a href=\"#topo\" rel=\"nofollow\"><br \/>\n\t\t\t\t\t\t\u25b2 Topo<br \/>\n\t\t\t\t\t<\/a><\/p>\n<figure><img decoding=\"async\" src=\"http:\/\/www.autossermec.pt\/oficina\/wp-content\/uploads\/sites\/3\/2017\/12\/calibrapneus.jpg\" alt=\"calibrapneus\" title=\"calibrapneus\"><\/figure>\n<h5>CALIBRAGEM DE PNEUS<\/h5>\n<p>A calibra\u00e7\u00e3o dos pneus \u00e9 essencial para evitar vibra\u00e7\u00f5es, o desgaste prematuro dos componentes de suspens\u00e3o e direc\u00e7\u00e3o, assim como, o desgaste anormal nos pneus. <\/br><br \/>\nUm pneu gasto ou por calibrar reduz a sua seguran\u00e7a e piora o comportamento do seu autom\u00f3vel em estrada.<\/p>\n<p>\t\t\t<a href=\"http:\/\/www.autossermec.pt\/oficina\/agendamentos\/\" rel=\"nofollow\"><br \/>\n\t\t\t\t\t\tAgendar<br \/>\n\t\t\t\t\t<\/a><br \/>\n\t\t\t<a href=\"#topo\" rel=\"nofollow\"><br \/>\n\t\t\t\t\t\t\u25b2 Topo<br \/>\n\t\t\t\t\t<\/a><\/p>\n<figure><img decoding=\"async\" src=\"http:\/\/www.autossermec.pt\/oficina\/wp-content\/uploads\/sites\/3\/2017\/12\/travagem.jpg\" alt=\"travagem\" title=\"travagem\"><\/figure>\n<h5>SISTEMAS DE TRAVAGEM<\/h5>\n<p>O sistema de travagem do autom\u00f3vel \u00e9 um dos sistemas mais importantes do ve\u00edculo a n\u00edvel de seguran\u00e7a. <\/br><br \/>\nOs sistemas de travagem modernos s\u00e3o normalmente compostos por um ou dois tipos de mecanismo, sendo que no eixo dianteiro usam sempre discos enquanto no eixo traseiro, dependendo dos modelos, poder\u00e3o ser discos ou tambores de trav\u00e3o.<br \/>\n<\/br><br \/>\nAgende uma visita \u00e0s nossa instala\u00e7\u00f5es e certifique-se que o seu autom\u00f3vel se encontra bem&#8230;<\/p>\n<p>\t\t\t<a href=\"http:\/\/www.autossermec.pt\/oficina\/agendamentos\/\" rel=\"nofollow\"><br \/>\n\t\t\t\t\t\tAgendar<br \/>\n\t\t\t\t\t<\/a><br \/>\n\t\t\t<a href=\"#topo\" rel=\"nofollow\"><br \/>\n\t\t\t\t\t\t\u25b2 Topo<br \/>\n\t\t\t\t\t<\/a><\/p>\n<figure><img decoding=\"async\" src=\"http:\/\/www.autossermec.pt\/oficina\/wp-content\/uploads\/sites\/3\/2017\/12\/suspensao2.jpg\" alt=\"Front axle with suspension and absorber.\" title=\"Drive axle.\"><\/figure>\n<h5>SISTEMAS DE SUSPENS\u00c3O<\/h5>\n<p>Os amortecedores s\u00e3o parte do sistema de suspens\u00e3o do autom\u00f3vel, e s\u00e3o respons\u00e1veis por assegurar o contacto correcto entre os pneus e a estrada, deles dependem a estabilidade, a ader\u00eancia e a efic\u00e1cia da travagem.<\/br><br \/>\nSendo um dos componentes essenciais na seguran\u00e7a de um ve\u00edculo, recomendamos um inspe\u00e7\u00e3o aos mesmos pelos nossos t\u00e9cnicos especialistas, de prefer\u00eancia a cada 80.000 a 100.00 km.<strong><br \/>\nAgende j\u00e1 a sua visita!<\/strong><\/p>\n<p>\t\t\t<a href=\"http:\/\/www.autossermec.pt\/oficina\/agendamentos\/\" rel=\"nofollow\"><br \/>\n\t\t\t\t\t\tAgendar<br \/>\n\t\t\t\t\t<\/a><br \/>\n\t\t\t<a href=\"#topo\" rel=\"nofollow\"><br \/>\n\t\t\t\t\t\t\u25b2 Topo<br \/>\n\t\t\t\t\t<\/a><\/p>\n<figure><img decoding=\"async\" src=\"http:\/\/www.autossermec.pt\/oficina\/wp-content\/uploads\/sites\/3\/2017\/12\/eletroauto.jpg\" alt=\"eletroauto\" title=\"eletroauto\"><\/figure>\n<h5>ILUMINA\u00c7\u00c3O AUTOM\u00d3VEL<\/h5>\n<p>Os far\u00f3is fazem parte do sistema de ilumina\u00e7\u00e3o autom\u00f3vel e t\u00eam como fun\u00e7\u00e3o iluminar a estrada e sinalizar o seu ve\u00edculo.<\/br><br \/>\nO mau alinhamento dos far\u00f3is, poder\u00e1 provocar o encadeamento do condutor do ve\u00edculo que circula em sentido contr\u00e1rio, ou pode n\u00e3o iluminar devidamente a estrada. Ambas as situa\u00e7\u00f5es podem provocar acidentes que facilmente podiam ser evitados com uma simples verifica\u00e7\u00e3o peri\u00f3dica do alinhamento dos far\u00f3is.\n<\/p>\n<p>\t\t\t<a href=\"http:\/\/www.autossermec.pt\/oficina\/agendamentos\/\" rel=\"nofollow\"><br \/>\n\t\t\t\t\t\tAgendar<br \/>\n\t\t\t\t\t<\/a><br \/>\n\t\t\t<a href=\"#topo\" rel=\"nofollow\"><br \/>\n\t\t\t\t\t\t\u25b2 Topo<br \/>\n\t\t\t\t\t<\/a><\/p>\n<figure><img decoding=\"async\" src=\"http:\/\/www.autossermec.pt\/oficina\/wp-content\/uploads\/sites\/3\/2017\/12\/sensoresEstaciona.jpg\" alt=\"Sensores de Estacionamento\" title=\"Sensores de Estacionamento\"><\/figure>\n<h5>SENSORES DE ESTACIONAMENTO<\/h5>\n<p>Os sensores de estacionamento s\u00e3o um dispositivo de seguran\u00e7a, normalmente instalado no para-choque de um ve\u00edculo, servindo automaticamente para detectar a dist\u00e2ncia de outros ve\u00edculos ou obst\u00e1culos. <\/br>\u00datil para estacionamentos, tem como objetivo ajudar a evitar colis\u00f5es e podem ser aplicados na frente ou traseira (mais comum) dos ve\u00edculos.<\/br><strong>Pe\u00e7a-nos um Or\u00e7amento!<\/strong><\/p>\n<p>\t\t\t<a href=\"http:\/\/www.autossermec.pt\/oficina\/agendamentos\/\" rel=\"nofollow\"><br \/>\n\t\t\t\t\t\tAgendar<br \/>\n\t\t\t\t\t<\/a><br \/>\n\t\t\t<a href=\"#topo\" rel=\"nofollow\"><br \/>\n\t\t\t\t\t\t\u25b2 Topo<br \/>\n\t\t\t\t\t<\/a><\/p>\n<figure><img decoding=\"async\" src=\"http:\/\/www.autossermec.pt\/oficina\/wp-content\/uploads\/sites\/3\/2017\/12\/pelicula_vidro.jpg\" alt=\"Aplica\u00e7\u00e3o de Pel\u00edculas para vidro\" title=\"Aplica\u00e7\u00e3o de Pel\u00edculas para vidro\"><\/figure>\n<h5>APLICA\u00c7\u00c3O DE PEL\u00cdCULAS DE VIDRO<\/h5>\n<p>A instala\u00e7\u00e3o de pel\u00edculas para vidros valoriza o design de qualquer autom\u00f3vel. <\/br>O bloqueio de at\u00e9 80% da radia\u00e7\u00e3o de infravermelhos e at\u00e9 99% da radia\u00e7\u00e3o ultravioleta. Protege os interiores do calor, encadeamento, danos causados pelo sol e estilha\u00e7amento de vidros.<\/br> Imagine o conforto e o look do seu carro.<\/p>\n<p>\t\t\t<a href=\"http:\/\/www.autossermec.pt\/oficina\/agendamentos\/\" rel=\"nofollow\"><br \/>\n\t\t\t\t\t\tAgendar<br \/>\n\t\t\t\t\t<\/a><br \/>\n\t\t\t<a href=\"#topo\" rel=\"nofollow\"><br \/>\n\t\t\t\t\t\t\u25b2 Topo<br \/>\n\t\t\t\t\t<\/a><\/p>\n<figure><img decoding=\"async\" src=\"http:\/\/www.autossermec.pt\/oficina\/wp-content\/uploads\/sites\/3\/2017\/12\/Vinil_carro.jpg\" alt=\"Vinil_carro\" title=\"Vinil_carro\"><\/figure>\n<h5>APLICA\u00c7\u00c3O DE VINIS<\/h5>\n<p>Permite personalizar o seu autom\u00f3vel com a cor que quiser e com efeitos e tonalidades incr\u00edveis que v\u00e3o desde o mate ou metalizado, ao efeito carbono 3D, camale\u00e3o e at\u00e9 imita\u00e7\u00e3o de cabedal. Ao mesmo tempo protege a pintura original do desgaste, riscos, pedras e insetos entre outros.<br \/>\n<\/br><br \/>\n<Strong>Pe\u00e7a-nos um Or\u00e7amento!<\/strong><\/p>\n<p>\t\t\t<a href=\"http:\/\/www.autossermec.pt\/oficina\/agendamentos\/\" rel=\"nofollow\"><br \/>\n\t\t\t\t\t\tAgendar<br \/>\n\t\t\t\t\t<\/a><br \/>\n\t\t\t<a href=\"#topo\" rel=\"nofollow\"><br \/>\n\t\t\t\t\t\t\u25b2 Topo<br \/>\n\t\t\t\t\t<\/a><\/p>\n<figure><img decoding=\"async\" src=\"http:\/\/www.autossermec.pt\/oficina\/wp-content\/uploads\/sites\/3\/2017\/12\/PUBLICIDADE.png\" alt=\"PUBLICIDADE\" title=\"PUBLICIDADE\"><\/figure>\n<h5>APLICA\u00c7\u00c3O DE PUBLICIDADE<\/h5>\n<p>A decora\u00e7\u00e3o comercial de viaturas com a imagem ou a marca da empresa, an\u00fancio dos servi\u00e7os e dos contactos s\u00e3o uma forma simples e pouco dispendiosa de fazer publicidade m\u00f3vel.<\/br><br \/>\nUma viatura comercialmente bem identificada vai conceder mais visibilidade \u00e0 empresa, faz\u00ea-la destacar-se da concorr\u00eancia, aumentar o valor da marca e concorrer para atrair novos clientes.<\/p>\n<p>\t\t\t<a href=\"http:\/\/www.autossermec.pt\/oficina\/agendamentos\/\" rel=\"nofollow\"><br \/>\n\t\t\t\t\t\tAgendar<br \/>\n\t\t\t\t\t<\/a><br \/>\n\t\t\t<a href=\"#topo\" rel=\"nofollow\"><br \/>\n\t\t\t\t\t\t\u25b2 Topo<br \/>\n\t\t\t\t\t<\/a><\/p>\n","protected":false},"excerpt":{"rendered":"<p>Revis\u00e3o Inspe\u00e7\u00e3o Mudan\u00e7a de \u00d3leo Diagn\u00f3stico Bate Chapas Pintura Mudan\u00e7a de Pneus Alinhamento de Dire\u00e7\u00e3o Calibragem de Pneus Sistemas de Travagem Sistemas de Suspens\u00e3o Ilumina\u00e7\u00e3o Sensores de estacionamento Aplica\u00e7\u00e3o de Pel\u00edculas Aplica\u00e7\u00e3o de Vinis Aplica\u00e7\u00e3o de publicidade REVIS\u00c3O AUTOM\u00d3VEL A Revis\u00e3o deve ter sempre em considera\u00e7\u00e3o as caracter\u00edsticas do seu ve\u00edculo (motoriza\u00e7\u00e3o, quil\u00f3metros, tipo de [&hellip;]<\/p>\n","protected":false},"author":1,"featured_media":128,"parent":0,"menu_order":0,"comment_status":"closed","ping_status":"closed","template":"","meta":[],"_links":{"self":[{"href":"https:\/\/www.autossermec.pt\/oficina\/wp-json\/wp\/v2\/pages\/19"}],"collection":[{"href":"https:\/\/www.autossermec.pt\/oficina\/wp-json\/wp\/v2\/pages"}],"about":[{"href":"https:\/\/www.autossermec.pt\/oficina\/wp-json\/wp\/v2\/types\/page"}],"author":[{"embeddable":true,"href":"https:\/\/www.autossermec.pt\/oficina\/wp-json\/wp\/v2\/users\/1"}],"replies":[{"embeddable":true,"href":"https:\/\/www.autossermec.pt\/oficina\/wp-json\/wp\/v2\/comments?post=19"}],"version-history":[{"count":91,"href":"https:\/\/www.autossermec.pt\/oficina\/wp-json\/wp\/v2\/pages\/19\/revisions"}],"predecessor-version":[{"id":250,"href":"https:\/\/www.autossermec.pt\/oficina\/wp-json\/wp\/v2\/pages\/19\/revisions\/250"}],"wp:featuredmedia":[{"embeddable":true,"href":"https:\/\/www.autossermec.pt\/oficina\/wp-json\/wp\/v2\/media\/128"}],"wp:attachment":[{"href":"https:\/\/www.autossermec.pt\/oficina\/wp-json\/wp\/v2\/media?parent=19"}],"curies":[{"name":"wp","href":"https:\/\/api.w.org\/{rel}","templated":true}]}}